t(y) = -y**2 + 8*y - 5. Let c be t(7). Suppose 2 = c*a - 12. List the prime factors of a.
7
Let v(x) = 14*x - 3. Let r be v(4). Suppose -70 = -7*o + 77. Suppose -o + r = 2*p. What are the prime factors of p?
2
Suppose -3*z = -4*z + 15. What are the prime factors of (1*-13)/(z/(-15))?
13
List the prime factors of (-1)/(-12)*4*6 + 73.
3, 5
Let l = -317 + 572. List the prime factors of l.
3, 5, 17
Let h be -9*((-6)/(-3) - 3). Suppose 5*y - 16 = h. What are the prime factors of y?
5
Let n(t) = -t**3 - 5*t**2 + 9*t - 5. What are the prime factors of n(-7)?
2, 3, 5
Let u = 0 + 1. Suppose -3*f = -t - 11, 3*f + 2*t = t + u. Let n(a) = 2*a**2 - 3*a. List the prime factors of n(f).
2
Suppose -4*f = -4*n - 28, 3*n - 2*f + 4*f + 6 = 0. Let m = n + 26. What are the prime factors of m?
2, 11
List the prime factors of 3/(-4) - 595/(-20).
29
Let n = 23 + -12. List the prime factors of n.
11
Let h(n) = -n**3 - 2*n**2 + 4*n + 3. Let k be h(-3). Suppose 0 = -k*x + 5*x - 10. Suppose x*b + 18 = 4*b. List the prime factors of b.
3
Suppose -8 - 152 = -5*c. What are the prime factors of c?
2
Let o(k) = -k**3 + k**2 - k + 2. Let s be o(0). Suppose -s - 2 = -2*f. What are the prime factors of f?
2
Let j = 3 + 1. What are the prime factors of (-174)/(-24) - (-3)/j?
2
Suppose -2*u + 5*u + 3*a + 45 = 0, 0 = -5*a + 15. What are the prime factors of (u - 2)*5/(-10)?
2, 5
Let d be 29 - (-2 + 2)/(-1). Let t = d + -2. Suppose -t + 5 = -2*s. List the prime factors of s.
11
Suppose 4*u = -g + 1299 - 382, u = -3*g + 243. List the prime factors of u.
2, 3, 19
Let l(h) = -h**3 - h**2 + 2*h + 3. Suppose 13 = -4*g - 15. Let d be g/3 + (-1)/(-3). List the prime factors of l(d).
3
Suppose -16*c + 21*c = 85. List the prime factors of c.
17
Suppose 3*f + f + 32 = -4*a, -40 = 5*f + 2*a. Let v = f - -16. List the prime factors of v.
2
Let a(h) = 2*h**2 - 9*h + 2. What are the prime factors of a(6)?
2, 5
Let f(s) = 2*s**3 - 4*s**2 + 2*s + 1. Let h(v) = -v**3 - 5*v**2 - 6*v - 5. Let u be h(-4). Let j be f(u). Suppose 6*l = l + j. What are the prime factors of l?
5
Suppose 4*g - 5*n - 295 - 140 = 0, -4*g = -4*n - 440. List the prime factors of g.
5, 23
Suppose 0 = 7*h - 6*h - 37. List the prime factors of h.
37
Let p = 1 - -5. Let n = p + 0. What are the prime factors of ((-4)/6)/(n/(-99))?
11
Let o = -128 - -329. What are the prime factors of o?
3, 67
Suppose -4*x + 167 = -3*k, 3*x + 18 = 4*x + 4*k. What are the prime factors of x?
2, 19
Suppose d = -3*d. Suppose -2*y - 60 = -3*y + 4*o, d = -5*y - 2*o + 212. What are the prime factors of y?
2, 11
Let x = 2 + -5. Let i be 5*-2*1/(-2). Let l = i - x. What are the prime factors of l?
2
Suppose 5*i + 93 = 2*i. Let z = -4 - i. What are the prime factors of z?
3
Let u(m) = -m. Let r be u(-3). Let k be (0/2)/(1*r). Suppose 5*c - 45 = -k*c. What are the prime factors of c?
3
Let f = 17 - -14. What are the prime factors of f?
31
Let q(w) = 6*w - 1. What are the prime factors of q(1)?
5
Let l = 10 - -4. Suppose 5*x - 21 - l = 0. What are the prime factors of x?
7
Suppose 0 = 2*k + 4 - 0. Let n be (3/k)/(3/8). Let j(b) = b**3 + 3*b**2 - 6*b - 4. List the prime factors of j(n).
2
Suppose -2*r + 4*d = 60, 0*d + 54 = -2*r + 2*d. Let b be (r/(-9))/(2/(-9)). Let a = b + 18. What are the prime factors of a?
2, 3
Let p(i) = 0 + 1 - i + 3*i. Suppose -5 = -4*a + 3*a + c, 0 = -2*a - c + 10. What are the prime factors of p(a)?
11
Let z = 11 + -5. Suppose 26 = -5*x + w, -x - 3*w = -2*x + z. What are the prime factors of (-64)/(-6) - 2/x?
11
Let q = -1 + -7. What are the prime factors of 2/8 - 94/q?
2, 3
Let m = -72 - -42. Let t be 8*(-3)/m*5. Suppose 5*f = 3*k - 1 + 2, -2*f - t*k = -16. What are the prime factors of f?
2
Let l = 0 + 5. Suppose 2*y - l*y - 39 = 0. Let x = 25 + y. List the prime factors of x.
2, 3
Let m(s) = s**3 + 12*s**2 + 11*s + 13. Let w be m(-11). Let x = -8 + w. List the prime factors of x.
5
Suppose 2*p = 3*a - 12, -2*a - 24 = 4*p - a. Let d be (-3 - p) + 1 + 4. List the prime factors of d/(-20) + 27/5.
5
Let v(n) = n + 14. Let p(c) = -c - 12. Let k = 0 - 6. Let z be p(k). List the prime factors of v(z).
2
Let g = -7 - -12. Let y = 7 - g. List the prime factors of y/(-10) - 51/(-5).
2, 5
List the prime factors of 174/4*(-308)/(-42).
11, 29
Let m = 405 - 229. List the prime factors of m.
2, 11
Let u = 86 + -42. What are the prime factors of u?
2, 11
Suppose -24 = -3*f + 5*f. List the prime factors of -1 - -1 - 600/f.
2, 5
Suppose -d = 4*i + 2*d - 113, 0 = 3*i - 4*d - 66. List the prime factors of i.
2, 13
List the prime factors of (-2126)/(-30) + (-16)/(-120).
71
Suppose -2*g - 130 = -2*d - 3*d, 2*g + 102 = 4*d. What are the prime factors of d?
2, 7
Suppose 2 - 10 = -2*d. Suppose -3*i - d = -4*i, i = -2*j + 18. What are the prime factors of j?
7
Suppose x - 5*m + 21 = 9, -4*x + 40 = 2*m. Suppose x*v - 170 = 3*v. List the prime factors of v.
2, 17
Let w(o) = -o + 8. Let z be w(5). Suppose -q = -r + 1, 5*q - 22 = -4*r - 0*r. Suppose -2*c - 4*t + 19 = -z*t, r*c = 4*t + 12. What are the prime factors of c?
2
Suppose 0 = 5*m - 2*l - 10, 3*m = -5*l + 7 - 1. Suppose 5*h + 3*u = -45, m*u + 20 = -2*u. Let d = -4 - h. What are the prime factors of d?
2
Suppose 3*v = -3*j - 6, 4 = -3*j - 2*v - 2. List the prime factors of 1 + -2 - j*4.
7
Let y(q) = 2*q**2 + 21*q - 27. What are the prime factors of y(-15)?
2, 3
Suppose -5*t - 2*x = -3*t - 36, -3*t + 54 = -4*x. Let n = 29 - t. Let a = n + 1. List the prime factors of a.
2, 3
Let m = -20 + 35. List the prime factors of m.
3, 5
Let f = 5 - 3. Suppose -7*q + 58 = -82. Suppose 3*h + 6 = m + f*m, 0 = 4*m - q. List the prime factors of h.
3
Let h = 4 + -5. Let n = 3 - h. What are the prime factors of n?
2
Let l be (24/(-10))/((-6)/90). Let t = -22 + l. What are the prime factors of t?
2, 7
Suppose 7 = -3*w + 31. What are the prime factors of (w/(-8))/((-1)/7)?
7
Let z(g) = -g**3 + 4*g**2 + 12*g + 1. Let s be z(5). Suppose -6*y = -4*y - s. List the prime factors of y.
2, 3
What are the prime factors of (2/3)/((-2)/(-3))*110?
2, 5, 11
Suppose -m + 7 + 32 = 0. List the prime factors of m.
3, 13
Let r be -2 + 2 + 0 + -2. Let v(k) = -k - 2. Let i be v(r). Suppose 5*d - 35 = -i*d. What are the prime factors of d?
7
Let j(m) = m**2 + 2. Let l be (24/(6 + -2))/(-2). List the prime factors of j(l).
11
Let w(x) = 5*x + 3. What are the prime factors of w(7)?
2, 19
Suppose 3*m = 5*n - 30, 0*m + 25 = -5*m. What are the prime factors of n?
3
Let j = 11 + -7. What are the prime factors of j?
2
Suppose -2*x + 460 = 3*j - 29, -x - 498 = -3*j. List the prime factors of j.
3, 5, 11
Suppose 97 = 3*m - 23. What are the prime factors of m?
2, 5
Let o = 55 - 36. What are the prime factors of o?
19
Let j(z) = -z**3 - 7*z**2 - 3*z - 7. Suppose 0 = -5*q + 2 + 18. Let c be -2 + (-10)/q*2. List the prime factors of j(c).
2, 7
Let p(i) = -i - 4. Let q be p(-3). Let s(n) = -10*n**2 + 1. Let f be s(1). Let x = q - f. What are the prime factors of x?
2
Let l(o) = 3*o**2 - o + 3. Let a be l(-3). Let g(v) = 6*v**2 - v + 6. Let y be g(3). Suppose 4*u - 3*n + 0*n = y, 4*u + 5*n = a. List the prime factors of u.
2, 3
Let t = -5 + 13. Suppose -3*c - k = -c - 10, 4*k - t = 0. Suppose 0 = 4*v - c*j - 26 - 58, v - 4*j - 33 = 0. List the prime factors of v.
17
Let b = -2 + 0. Let w be (-18)/(-3) + 0 + b. Let f = 5 + w. What are the prime factors of f?
3
Let j be 3/9*-1*-27. Suppose -s = -4*s + j. List the prime factors of s.
3
Suppose -2*u = -4*h + 136, -5*u - 3*h + 7 = 308. List the prime factors of (-5)/2*u/5.
31
Suppose o + 9 = 3*v + 3*o, 3*v - 9 = o. Let n be 5 - -1*v/(-3). Suppose 2 = 2*z - n. What are the prime factors of z?
3
Let u(i) = 0*i - 2*i**2 - i - i - 3. Let f be u(-2). Let z = 9 + f. List the prime factors of z.
2
Let d = -2 + 5. Suppose a - 32 = -d*a. What are the prime factors of a?
2
Let a = -27 + 75. What are the prime factors of a?
2, 3
Suppose 4*r = 7 - 27. Let p = r + 9. Suppose 0 = 2*w + p*f - 18, 0 = -2*w - 2*f + 7*f. List the prime factors of w.
5
Suppose 8*o - 3*o - 4*u - 2 = 0, -4*u + 8 = 0. Let b = 16 + -26. Let n = o - b. What are the prime factors of n?
2, 3
Suppose -4*c - c = 3*k - 31, -2*c + 2*k + 6 = 0. List the prime factors of c.
5
Let c = -25 - -51. Let j = c - 6. What are the prime factors of j?
2, 5
Let v = 2 